 16*u**2 + 4987*u + 9977. What is a(-2)?
67
Let t(p) = -31*p**3 + 6*p**2 + 366*p - 1472. Give t(4).
-1896
Let r(c) = 5*c**3 + 93*c**2 + 342*c + 326. What is r(-14)?
46
Let u(s) = -46*s + 625. Determine u(0).
625
Let h(i) = 21*i**3 + 6136*i**2 + 1213*i + 13147. What is h(-292)?
7
Let q(t) = -t**3 + 14*t**2 + 203*t - 2084. Determine q(12).
640
Let d(n) = -20*n**2 + 105*n - 490. What is d(12)?
-2110
Let k(r) = -35*r**2 + 126*r - 54. Determine k(-9).
-4023
Let b(p) = -217*p + 105457. What is b(486)?
-5
Let s(x) = x**2 - 59*x + 1367. Give s(51).
959
Let m(y) = y**3 - 697*y**2 + 33540*y. Calculate m(52).
0
Let h(a) = 215*a + 4467. Determine h(-39).
-3918
Let b(o) = 74*o - 877. What is b(21)?
677
Let g(k) = 688*k - 19923. What is g(28)?
-659
Let h(n) = -n**2 + 7499*n + 1563502. What is h(-203)?
-4
Let c(x) = -456*x + 4322. Give c(10).
-238
Let i(a) = -3*a**3 + 15*a**2 + 115*a + 100. Determine i(-1).
3
Let k(i) = 3*i**2 - 339*i + 9294. Give k(47).
-12
Let b(j) = 2655*j + 16226. Give b(-8).
-5014
Let d(i) = 2*i**3 - 149*i**2 - 580*i + 2653. What is d(78)?
1
Let f(t) = 31*t**2 + 1563*t - 129. Calculate f(-49).
-2285
Let x(t) = 11*t**2 + 2583*t + 2976. Give x(-234).
870
Let g(r) = -170*r**2 - 2100*r + 9963. What is g(-16)?
43
Let r(f) = -2*f**2 - 283*f + 68984. Determine r(128).
-8
Let a(l) = -429*l + 29330. Give a(68).
158
Let o(s) = 2*s**3 - 24*s**2 + 44*s - 312. What is o(11)?
-70
Let x(g) = -6*g**2 + 1278*g + 1294. Give x(-1).
10
Let q(b) = 3*b**3 - 73*b**2 + 39*b - 391. Give q(24).
-31
Let b(f) = 222*f - 21916. What is b(96)?
-604
Let w(h) = 11*h**3 - 75*h**2 + 130*h + 10. Calculate w(5).
160
Let u(t) = 2048*t + 77979. What is u(-38)?
155
Let x(s) = -3435*s + 20761. Calculate x(6).
151
Let o(m) = 46210*m - 739372. Give o(16).
-12
Let v(c) = -155723*c - 622869. Calculate v(-4).
23
Let f(q) = q**2 - 49073*q + 38143571. Calculate f(790).
1
Let h(a) = 29207*a - 292071. Calculate h(10).
-1
Let i(l) = -805*l**2 + 3984*l + 111. Calculate i(5).
-94
Let l(b) = -63506*b + 317538. Calculate l(5).
8
Let i(c) = -1057*c - 104578. Determine i(-99).
65
Let h(n) = 54773*n + 1040681. Give h(-19).
-6
Let q(r) = -9*r**2 + 1505*r + 37060. Determine q(189).
16
Let j(y) = -133*y**2 + 25537*y + 187. What is j(192)?
379
Let g(m) = -m**2 - 2361*m - 333746. Calculate g(-151).
-36
Let w(p) = 2*p**2 - 3409*p - 24292. Determine w(-7).
-331
Let g(s) = -2*s**3 + 59*s**2 - 346*s - 327. Give g(21).
-96
Let b(s) = -2*s**2 + 10077*s + 10079. What is b(-1)?
0
Let u(g) = g**3 - 153*g**2 + 115*g - 17609. What is u(153)?
-14
Let x(s) = -7023*s - 5955522. Give x(-848).
-18
Let u(y) = 1062*y + 1506. Give u(-2).
-618
Let f(l) = 7643*l - 137554. Calculate f(18).
20
Let k(q) = 6427*q - 617545. Give k(96).
-553
Let o(b) = 562*b - 207965. What is o(370)?
-25
Let z(j) = 5*j**3 - 91*j**2 + 1433*j - 14235. Determine z(13).
0
Let r(z) = 4823*z + 167320. What is r(-35)?
-1485
Let n(o) = 2692*o - 63971. What is n(24)?
637
Let i(o) = -9*o**2 - 10180*o - 40751. Calculate i(-4).
-175
Let n(z) = -9*z**2 + 64*z + 5268. Give n(28).
4
Let f(y) = 58523*y + 760720. Give f(-13).
-79
Let a(f) = 658471*f - 36215904. Determine a(55).
1
Let m(a) = a**2 - 94*a + 2530. Calculate m(47).
321
Let n(b) = -2*b**2 - 568*b - 19515. Determine n(-244).
5
Let z(h) = -3*h**3 - 31*h**2 - 50*h - 171. Give z(-8).
-219
Let f(o) = -595*o + 69676. Calculate f(117).
61
Let b(x) = -189*x**2 + 1694*x + 135. Give b(9).
72
Let z(k) = 739*k + 96042. What is z(-130)?
-28
Let m(o) = -2262*o + 23922. Calculate m(11).
-960
Let i(k) = 1880*k - 65794. Calculate i(35).
6
Let n(w) = w**3 + 369*w**2 - 117658*w + 6909. Give n(-574).
21
Let f(i) = -2*i**3 + 7*i**2 - 164*i + 604. Determine f(4).
-68
Let j(q) = 36*q - 12485. Give j(352).
187
Let g(b) = 2*b**3 + 674*b**2 + 892*b + 300610. Calculate g(-337).
6
Let g(u) = -2*u**3 + 254*u**2 + 3363*u - 3741. Calculate g(139).
12
Let b(o) = o**2 + 10897*o + 6187891. What is b(-601)?
-5
Let f(q) = -179*q - 31668. Determine f(-177).
15
Let u(j) = 801*j - 220276. Determine u(275).
-1
Let j(o) = -2044*o - 20270. Calculate j(-10).
170
Let d(h) = -4*h**2 + 18*h + 135. Give d(-8).
-265
Let k(c) = c**3 + 1466*c**2 - 7301*c + 19. Calculate k(5).
289
Let a(x) = -x**2 - 57120*x + 1485794. What is a(26)?
-2
Let a(d) = 50722*d - 1623098. Calculate a(32).
6
Let l(k) = -22*k**2 - 189*k - 62. What is l(-11)?
-645
Let b(r) = -62*r**3 + 108*r**2 + 869*r - 34. What is b(-3)?
5
Let f(x) = x**3 - 68*x**2 + 1164*x - 1287. Calculate f(39).
0
Let x(y) = 166*y + 2503. Determine x(-15).
13
Let n(i) = 18215*i + 5173077. What is n(-284)?
17
Let a(s) = 5089*s - 45976. Determine a(9).
-175
Let m(z) = z**2 + 69*z - 6764. Calculate m(53).
-298
Let q(s) = s**3 + 61*s**2 + 149*s + 1964. Determine q(-59).
135
Let u(j) = -j**3 + 259*j**2 + 1822*j + 10660. Give u(266).
20
Let r(l) = -71*l**2 - 3067*l + 318. Give r(-43).
920
Let i(h) = -5*h**2 - 208*h - 2138. Determine i(-20).
22
Let l(s) = 405*s + 81416. What is l(-201)?
11
Let k(r) = r**2 + 91*r - 14138. Calculate k(-173).
48
Let w(p) = 36795*p + 331271. Calculate w(-9).
116
Let m(h) = -173*h**2 + 2999*h - 949. Determine m(17).
37
Let r(t) = 7173*t + 14347. Determine r(-2).
1
Let s(c) = -6*c**2 - 313*c + 5676. Give s(14).
118
Let g(q) = q**3 - 136*q**2 + 2602*q - 41. Determine g(23).
28
Let q(d) = 124*d - 9427. What is q(74)?
-251
Let i(c) = -6712*c + 80450. Determine i(12).
-94
Let q(c) = c**3 - 389*c**2 - 3461*c - 48133. Calculate q(398).
25
Let w(q) = -8*q**2 - 1326*q - 10044. What is w(-8)?
52
Let s(z) = -z**2 + 3186*z - 169123. Calculate s(54).
5
Let x(b) = -b**3 - 9*b**2 + 20*b - 67. Calculate x(-9).
-247
Let j(i) = -2*i**2 - 92*i - 112. Give j(-45).
-22
Let h(s) = -2*s**3 - 20*s**2 + 102*s + 897. Calculate h(-13).
585
Let g(n) = n**3 + 13*n**2 - 481*n - 4268. Calculate g(-8).
-100
Let o(w) = -w**2 + 96*w - 2211. What is o(39)?
12
Let q(y) = -11*y**2 + 8*y + 135. Determine q(11).
-1108
Let y(s) = -s**3 + 33259*s**2 + 898723*s + 20. Calculate y(-27).
-7
Let k(q) = q**3 - 114*q**2 + 91*q + 2718. Calculate k(113).
232
Let t(h) = 81*h + 3304. Calculate t(-46).
-422
Let i(g) = -5*g**3 - 98*g**2 - 523*g + 299. Determine i(-6).
989
Let p(i) = i**3 + 82*i**2 - 10632*i - 569. What is p(70)?
-9
Let s(l) = -l**2 - 46087*l + 876111. Give s(19).
97
Let c(d) = d**2 + 2895*d - 2413997. Calculate c(676).
-1
Let o(v) = -2*v**2 - 312*v - 1082. Calculate o(-152).
134
Let y(k) = 152*k + 1982. What is y(-32)?
-2882
Let o(r) = 15084*r + 2775473. Give o(-184).
17
Let v(k) = 2*k**2 + 420*k + 16878. Give v(-156).
30
Let x(y) = 12*y**3 + 591*y**2 + 150*y - 178. Give x(-49).
-325
Let g(l) = -7870*l - 825902. Calculate g(-105).
448
Let y(h) = -808465*h + 1616888. Calculate y(2).
-42
Let f(o) = o**3 + 128*o**2 - 570*o - 5481. Give f(-132).
63
Let z(c) = c**3 - 18*c**2 - 178*c + 1744. Calculate z(7).
-41
Let r(p) = -6*p**3 + 1237*p**2 - 24474*p + 367. Calculate r(184).
-1
Let u(z) = 5*z**2 - 233*z - 975. Determine u(47).
-881
Let t(f) = 5*f**3 - 166*f**2 + 21*f + 386. Calculate t(33).
-10
Let n(z) = 342*z**3 - 4*z**2 + 30*z - 27. Give n(1).
341
Let n(d) = 11*d**2 + 111*d - 261. Give n(-8).
-445
Let h(r) = -4*r**3 + 14*r**2 - 36*r + 49. What is h(9)?
-2057
Let a(s) = 5243*s + 31399. What is a(-6)?
-59
Let p(z) = -244032*z - 244020. Determine p(-1).
12
Let l(h) = 60*h**3 + 2100*h**2 - 3*h - 48. Determine l(-35).
57
Let s(m) = -3351057*m - 10053175. What is s(-3)?
-4
Let u(c) = 2*c**3 - 121*c**2 + 411*c - 718. Calculate u(57).
-34
Let u(c) = -42*c**2 - 533*c - 980. Calculate u(-9).
415
Let t(l) = 27131*l - 976675. Determine t(36).
41
Let v(i) = -i**3 + 15*i**2 + 345*i - 2388. Give v(25).
-13
Let t(k) = 55583*k - 2000872. Calculate t(36).
116
Let b(o) = -7*o**3 - 117*o**2 - 419*o + 516. Give b(-10).
6
Let c(a) = 2*a**3 + 24*a**2 + 238*a + 3430. What is c(-13)?
-2
Let p(a) = a**2 + 302*a + 2330. What is p(-286)?
-2246
Let j(w) = 1041739*w - 2083551. Calculate j(2).
-73
Let o(f) = -3258*f + 3233. Determine o(1).
-25
Let g(l) = 319*l - 52132. Determine g(164).
184
Let f(o) = -6017*o - 42114. What is f(-7)?
5
Let n(z) = -z**3 + 162*z**2 + 219*z - 61199. Determine n(161).
-19
Let x(q) = -237*q - 739. Determine x(-8).
1157
Let f(l) = -l**2 - 844*l + 18161. What is f(21)?
-4
Let t(r) = -24*r**2 - 545*r - 66. What is t(-24